{"id":12189,"date":"2025-09-09T18:18:16","date_gmt":"2025-09-09T16:18:16","guid":{"rendered":"https:\/\/buonissimatorino.it\/?post_type=ristoranti&#038;p=12189"},"modified":"2025-10-01T15:08:50","modified_gmt":"2025-10-01T13:08:50","slug":"amaica","status":"publish","type":"ristoranti","link":"https:\/\/buonissimatorino.it\/en\/restaurants\/amaica\/","title":{"rendered":"Amaica"},"content":{"rendered":"<p>A seasonal cuisine, in which each month I cook what I feel like\u2014daring, but always keeping my feet on the ground.<\/p>\n\n\n\n<p>Carlos Salvador Polito was born in Barcelona, where he also trained as a chef. After a long stint at Mugaritz in the Basque Country, he served as head chef at Alkimia and Gresca, two landmarks on the Barcelona culinary scene. In 2020, he opened his own restaurant, Amaica, where he offers a different evening menu every month.<\/p>","protected":false},"excerpt":{"rendered":"<p>Una cucina stagionale, in cui ogni mese cucino ci\u00f2 che sento \u2014 osando, ma restando sempre con i piedi per terra. Carlos Salvador Polito \u00e8 nato a Barcellona, citt\u00e0 nella quale si \u00e8 anche formato come cuoco. Dopo una lunga esperienza al Mugaritz, nei Paesi Baschi, ha ricoperto il ruolo di capo chef presso Alkimia [&hellip;]<\/p>","protected":false},"featured_media":12494,"template":"","meta":{"_acf_changed":false},"categories":[20,79],"tags":[],"class_list":["post-12189","ristoranti","type-ristoranti","status-publish","has-post-thumbnail","hentry","category-bistromania","category-edizione-2025"],"acf":[],"yoast_head":"<!-- This site is optimized with the Yoast SEO plugin v26.7 - https:\/\/yoast.com\/wordpress\/plugins\/seo\/ -->\n<title>Amaica - Buonissima Torino<\/title>\n<meta name=\"description\" content=\"Amaica, in occasione di Buonissima 2025, parteciper\u00e0 a Bistromania, presentando piatti simbolo e prodotti vitivinicoli. Scopri di pi\u00f9!\" \/>\n<meta name=\"robots\" content=\"index, follow, max-snippet:-1, max-image-preview:large, max-video-preview:-1\" \/>\n<link rel=\"canonical\" href=\"https:\/\/buonissimatorino.it\/en\/restaurants\/amaica\/\" \/>\n<meta property=\"og:locale\" content=\"en_GB\" \/>\n<meta property=\"og:type\" content=\"article\" \/>\n<meta property=\"og:title\" content=\"Amaica - Buonissima Torino\" \/>\n<meta property=\"og:description\" content=\"Amaica, in occasione di Buonissima 2025, parteciper\u00e0 a Bistromania, presentando piatti simbolo e prodotti vitivinicoli. Scopri di pi\u00f9!\" \/>\n<meta property=\"og:url\" content=\"https:\/\/buonissimatorino.it\/en\/restaurants\/amaica\/\" \/>\n<meta property=\"og:site_name\" content=\"Buonissima Torino\" \/>\n<meta property=\"article:modified_time\" content=\"2025-10-01T13:08:50+00:00\" \/>\n<meta property=\"og:image\" content=\"https:\/\/buonissimatorino.it\/wp-content\/uploads\/2025\/09\/Carlos-Salvador-Polito-Amaica.webp\" \/>\n\t<meta property=\"og:image:width\" content=\"1080\" \/>\n\t<meta property=\"og:image:height\" content=\"1080\" \/>\n\t<meta property=\"og:image:type\" content=\"image\/webp\" \/>\n<meta name=\"twitter:card\" content=\"summary_large_image\" \/>\n<meta name=\"twitter:label1\" content=\"Estimated reading time\" \/>\n\t<meta name=\"twitter:data1\" content=\"1 minute\" \/>\n<script type=\"application\/ld+json\" class=\"yoast-schema-graph\">{\"@context\":\"https:\/\/schema.org\",\"@graph\":[{\"@type\":\"WebPage\",\"@id\":\"https:\/\/buonissimatorino.it\/ristoranti\/amaica\/\",\"url\":\"https:\/\/buonissimatorino.it\/ristoranti\/amaica\/\",\"name\":\"Amaica - Buonissima Torino\",\"isPartOf\":{\"@id\":\"https:\/\/buonissimatorino.it\/#website\"},\"primaryImageOfPage\":{\"@id\":\"https:\/\/buonissimatorino.it\/ristoranti\/amaica\/#primaryimage\"},\"image\":{\"@id\":\"https:\/\/buonissimatorino.it\/ristoranti\/amaica\/#primaryimage\"},\"thumbnailUrl\":\"https:\/\/buonissimatorino.it\/wp-content\/uploads\/2025\/09\/Carlos-Salvador-Polito-Amaica.webp\",\"datePublished\":\"2025-09-09T16:18:16+00:00\",\"dateModified\":\"2025-10-01T13:08:50+00:00\",\"description\":\"Amaica, in occasione di Buonissima 2025, parteciper\u00e0 a Bistromania, presentando piatti simbolo e prodotti vitivinicoli. Scopri di pi\u00f9!\",\"breadcrumb\":{\"@id\":\"https:\/\/buonissimatorino.it\/ristoranti\/amaica\/#breadcrumb\"},\"inLanguage\":\"en-GB\",\"potentialAction\":[{\"@type\":\"ReadAction\",\"target\":[\"https:\/\/buonissimatorino.it\/ristoranti\/amaica\/\"]}]},{\"@type\":\"ImageObject\",\"inLanguage\":\"en-GB\",\"@id\":\"https:\/\/buonissimatorino.it\/ristoranti\/amaica\/#primaryimage\",\"url\":\"https:\/\/buonissimatorino.it\/wp-content\/uploads\/2025\/09\/Carlos-Salvador-Polito-Amaica.webp\",\"contentUrl\":\"https:\/\/buonissimatorino.it\/wp-content\/uploads\/2025\/09\/Carlos-Salvador-Polito-Amaica.webp\",\"width\":1080,\"height\":1080,\"caption\":\"Carlos Salvador Polito - Amaica\"},{\"@type\":\"BreadcrumbList\",\"@id\":\"https:\/\/buonissimatorino.it\/ristoranti\/amaica\/#breadcrumb\",\"itemListElement\":[{\"@type\":\"ListItem\",\"position\":1,\"name\":\"Home\",\"item\":\"https:\/\/buonissimatorino.it\/\"},{\"@type\":\"ListItem\",\"position\":2,\"name\":\"Ristoranti\",\"item\":\"https:\/\/buonissimatorino.it\/ristoranti\/\"},{\"@type\":\"ListItem\",\"position\":3,\"name\":\"Amaica\"}]},{\"@type\":\"WebSite\",\"@id\":\"https:\/\/buonissimatorino.it\/#website\",\"url\":\"https:\/\/buonissimatorino.it\/\",\"name\":\"Buonissima Torino\",\"description\":\"Cibo, Arte e Bellezza\",\"publisher\":{\"@id\":\"https:\/\/buonissimatorino.it\/#organization\"},\"potentialAction\":[{\"@type\":\"SearchAction\",\"target\":{\"@type\":\"EntryPoint\",\"urlTemplate\":\"https:\/\/buonissimatorino.it\/?s={search_term_string}\"},\"query-input\":{\"@type\":\"PropertyValueSpecification\",\"valueRequired\":true,\"valueName\":\"search_term_string\"}}],\"inLanguage\":\"en-GB\"},{\"@type\":\"Organization\",\"@id\":\"https:\/\/buonissimatorino.it\/#organization\",\"name\":\"Buonissima Torino\",\"url\":\"https:\/\/buonissimatorino.it\/\",\"logo\":{\"@type\":\"ImageObject\",\"inLanguage\":\"en-GB\",\"@id\":\"https:\/\/buonissimatorino.it\/#\/schema\/logo\/image\/\",\"url\":\"https:\/\/buonissimatorino.it\/wp-content\/uploads\/2024\/05\/Buonissima-Logo.png\",\"contentUrl\":\"https:\/\/buonissimatorino.it\/wp-content\/uploads\/2024\/05\/Buonissima-Logo.png\",\"width\":350,\"height\":100,\"caption\":\"Buonissima Torino\"},\"image\":{\"@id\":\"https:\/\/buonissimatorino.it\/#\/schema\/logo\/image\/\"}}]}<\/script>\n<!-- \/ Yoast SEO plugin. -->","yoast_head_json":{"title":"Amaica - Very Good Turin","description":"Amaica will be participating in Bistromania at Buonissima 2025, presenting signature dishes and wine products. Find out more!","robots":{"index":"index","follow":"follow","max-snippet":"max-snippet:-1","max-image-preview":"max-image-preview:large","max-video-preview":"max-video-preview:-1"},"canonical":"https:\/\/buonissimatorino.it\/en\/restaurants\/amaica\/","og_locale":"en_GB","og_type":"article","og_title":"Amaica - Buonissima Torino","og_description":"Amaica, in occasione di Buonissima 2025, parteciper\u00e0 a Bistromania, presentando piatti simbolo e prodotti vitivinicoli. Scopri di pi\u00f9!","og_url":"https:\/\/buonissimatorino.it\/en\/restaurants\/amaica\/","og_site_name":"Buonissima Torino","article_modified_time":"2025-10-01T13:08:50+00:00","og_image":[{"width":1080,"height":1080,"url":"https:\/\/buonissimatorino.it\/wp-content\/uploads\/2025\/09\/Carlos-Salvador-Polito-Amaica.webp","type":"image\/webp"}],"twitter_card":"summary_large_image","twitter_misc":{"Estimated reading time":"1 minute"},"schema":{"@context":"https:\/\/schema.org","@graph":[{"@type":"WebPage","@id":"https:\/\/buonissimatorino.it\/ristoranti\/amaica\/","url":"https:\/\/buonissimatorino.it\/ristoranti\/amaica\/","name":"Amaica - Very Good Turin","isPartOf":{"@id":"https:\/\/buonissimatorino.it\/#website"},"primaryImageOfPage":{"@id":"https:\/\/buonissimatorino.it\/ristoranti\/amaica\/#primaryimage"},"image":{"@id":"https:\/\/buonissimatorino.it\/ristoranti\/amaica\/#primaryimage"},"thumbnailUrl":"https:\/\/buonissimatorino.it\/wp-content\/uploads\/2025\/09\/Carlos-Salvador-Polito-Amaica.webp","datePublished":"2025-09-09T16:18:16+00:00","dateModified":"2025-10-01T13:08:50+00:00","description":"Amaica will be participating in Bistromania at Buonissima 2025, presenting signature dishes and wine products. Find out more!","breadcrumb":{"@id":"https:\/\/buonissimatorino.it\/ristoranti\/amaica\/#breadcrumb"},"inLanguage":"en-GB","potentialAction":[{"@type":"ReadAction","target":["https:\/\/buonissimatorino.it\/ristoranti\/amaica\/"]}]},{"@type":"ImageObject","inLanguage":"en-GB","@id":"https:\/\/buonissimatorino.it\/ristoranti\/amaica\/#primaryimage","url":"https:\/\/buonissimatorino.it\/wp-content\/uploads\/2025\/09\/Carlos-Salvador-Polito-Amaica.webp","contentUrl":"https:\/\/buonissimatorino.it\/wp-content\/uploads\/2025\/09\/Carlos-Salvador-Polito-Amaica.webp","width":1080,"height":1080,"caption":"Carlos Salvador Polito - Amaica"},{"@type":"BreadcrumbList","@id":"https:\/\/buonissimatorino.it\/ristoranti\/amaica\/#breadcrumb","itemListElement":[{"@type":"ListItem","position":1,"name":"Home","item":"https:\/\/buonissimatorino.it\/"},{"@type":"ListItem","position":2,"name":"Ristoranti","item":"https:\/\/buonissimatorino.it\/ristoranti\/"},{"@type":"ListItem","position":3,"name":"Amaica"}]},{"@type":"WebSite","@id":"https:\/\/buonissimatorino.it\/#website","url":"https:\/\/buonissimatorino.it\/","name":"Very good Turin","description":"Food, Art and Beauty","publisher":{"@id":"https:\/\/buonissimatorino.it\/#organization"},"potentialAction":[{"@type":"SearchAction","target":{"@type":"EntryPoint","urlTemplate":"https:\/\/buonissimatorino.it\/?s={search_term_string}"},"query-input":{"@type":"PropertyValueSpecification","valueRequired":true,"valueName":"search_term_string"}}],"inLanguage":"en-GB"},{"@type":"Organization","@id":"https:\/\/buonissimatorino.it\/#organization","name":"Very good Turin","url":"https:\/\/buonissimatorino.it\/","logo":{"@type":"ImageObject","inLanguage":"en-GB","@id":"https:\/\/buonissimatorino.it\/#\/schema\/logo\/image\/","url":"https:\/\/buonissimatorino.it\/wp-content\/uploads\/2024\/05\/Buonissima-Logo.png","contentUrl":"https:\/\/buonissimatorino.it\/wp-content\/uploads\/2024\/05\/Buonissima-Logo.png","width":350,"height":100,"caption":"Buonissima Torino"},"image":{"@id":"https:\/\/buonissimatorino.it\/#\/schema\/logo\/image\/"}}]}},"_links":{"self":[{"href":"https:\/\/buonissimatorino.it\/en\/wp-json\/wp\/v2\/ristoranti\/12189","targetHints":{"allow":["GET"]}}],"collection":[{"href":"https:\/\/buonissimatorino.it\/en\/wp-json\/wp\/v2\/ristoranti"}],"about":[{"href":"https:\/\/buonissimatorino.it\/en\/wp-json\/wp\/v2\/types\/ristoranti"}],"version-history":[{"count":5,"href":"https:\/\/buonissimatorino.it\/en\/wp-json\/wp\/v2\/ristoranti\/12189\/revisions"}],"predecessor-version":[{"id":13655,"href":"https:\/\/buonissimatorino.it\/en\/wp-json\/wp\/v2\/ristoranti\/12189\/revisions\/13655"}],"wp:featuredmedia":[{"embeddable":true,"href":"https:\/\/buonissimatorino.it\/en\/wp-json\/wp\/v2\/media\/12494"}],"wp:attachment":[{"href":"https:\/\/buonissimatorino.it\/en\/wp-json\/wp\/v2\/media?parent=12189"}],"wp:term":[{"taxonomy":"category","embeddable":true,"href":"https:\/\/buonissimatorino.it\/en\/wp-json\/wp\/v2\/categories?post=12189"},{"taxonomy":"post_tag","embeddable":true,"href":"https:\/\/buonissimatorino.it\/en\/wp-json\/wp\/v2\/tags?post=12189"}],"curies":[{"name":"wp","href":"https:\/\/api.w.org\/{rel}","templated":true}]}}

<p>Una cucina stagionale, in cui ogni mese cucino ciò che sento — osando, ma restando sempre con i piedi per terra. Carlos Salvador Polito è nato a Barcellona, città nella quale si è anche formato come cuoco. Dopo una lunga esperienza al Mugaritz, nei Paesi Baschi, ha ricoperto il ruolo di capo chef presso Alkimia [&hellip;]</p>

<!-- This site is optimized with the Yoast SEO plugin v26.7 - https://yoast.com/wordpress/plugins/seo/ -->
<title>Amaica - Buonissima Torino</title>
<meta name="description" content="Amaica, in occasione di Buonissima 2025, parteciperà a Bistromania, presentando piatti simbolo e prodotti vitivinicoli. Scopri di più!" />
<meta name="robots" content="index, follow, max-snippet:-1, max-image-preview:large, max-video-preview:-1" />
<link rel="canonical" href="https://buonissimatorino.it/en/restaurants/amaica/" />
<meta property="og:locale" content="en_GB" />
<meta property="og:type" content="article" />
<meta property="og:title" content="Amaica - Buonissima Torino" />
<meta property="og:description" content="Amaica, in occasione di Buonissima 2025, parteciperà a Bistromania, presentando piatti simbolo e prodotti vitivinicoli. Scopri di più!" />
<meta property="og:url" content="https://buonissimatorino.it/en/restaurants/amaica/" />
<meta property="og:site_name" content="Buonissima Torino" />
<meta property="article:modified_time" content="2025-10-01T13:08:50+00:00" />
<meta property="og:image" content="https://buonissimatorino.it/wp-content/uploads/2025/09/Carlos-Salvador-Polito-Amaica.webp" />
	<meta property="og:image:width" content="1080" />
	<meta property="og:image:height" content="1080" />
	<meta property="og:image:type" content="image/webp" />
<meta name="twitter:card" content="summary_large_image" />
<meta name="twitter:label1" content="Estimated reading time" />
	<meta name="twitter:data1" content="1 minute" />
<script type="application/ld+json" class="yoast-schema-graph">{"@context":"https://schema.org","@graph":[{"@type":"WebPage","@id":"https://buonissimatorino.it/ristoranti/amaica/","url":"https://buonissimatorino.it/ristoranti/amaica/","name":"Amaica - Buonissima Torino","isPartOf":{"@id":"https://buonissimatorino.it/#website"},"primaryImageOfPage":{"@id":"https://buonissimatorino.it/ristoranti/amaica/#primaryimage"},"image":{"@id":"https://buonissimatorino.it/ristoranti/amaica/#primaryimage"},"thumbnailUrl":"https://buonissimatorino.it/wp-content/uploads/2025/09/Carlos-Salvador-Polito-Amaica.webp","datePublished":"2025-09-09T16:18:16+00:00","dateModified":"2025-10-01T13:08:50+00:00","description":"Amaica, in occasione di Buonissima 2025, parteciperà a Bistromania, presentando piatti simbolo e prodotti vitivinicoli. Scopri di più!","breadcrumb":{"@id":"https://buonissimatorino.it/ristoranti/amaica/#breadcrumb"},"inLanguage":"en-GB","potentialAction":[{"@type":"ReadAction","target":["https://buonissimatorino.it/ristoranti/amaica/"]}]},{"@type":"ImageObject","inLanguage":"en-GB","@id":"https://buonissimatorino.it/ristoranti/amaica/#primaryimage","url":"https://buonissimatorino.it/wp-content/uploads/2025/09/Carlos-Salvador-Polito-Amaica.webp","contentUrl":"https://buonissimatorino.it/wp-content/uploads/2025/09/Carlos-Salvador-Polito-Amaica.webp","width":1080,"height":1080,"caption":"Carlos Salvador Polito - Amaica"},{"@type":"BreadcrumbList","@id":"https://buonissimatorino.it/ristoranti/amaica/#breadcrumb","itemListElement":[{"@type":"ListItem","position":1,"name":"Home","item":"https://buonissimatorino.it/"},{"@type":"ListItem","position":2,"name":"Ristoranti","item":"https://buonissimatorino.it/ristoranti/"},{"@type":"ListItem","position":3,"name":"Amaica"}]},{"@type":"WebSite","@id":"https://buonissimatorino.it/#website","url":"https://buonissimatorino.it/","name":"Buonissima Torino","description":"Cibo, Arte e Bellezza","publisher":{"@id":"https://buonissimatorino.it/#organization"},"potentialAction":[{"@type":"SearchAction","target":{"@type":"EntryPoint","urlTemplate":"https://buonissimatorino.it/?s={search_term_string}"},"query-input":{"@type":"PropertyValueSpecification","valueRequired":true,"valueName":"search_term_string"}}],"inLanguage":"en-GB"},{"@type":"Organization","@id":"https://buonissimatorino.it/#organization","name":"Buonissima Torino","url":"https://buonissimatorino.it/","logo":{"@type":"ImageObject","inLanguage":"en-GB","@id":"https://buonissimatorino.it/#/schema/logo/image/","url":"https://buonissimatorino.it/wp-content/uploads/2024/05/Buonissima-Logo.png","contentUrl":"https://buonissimatorino.it/wp-content/uploads/2024/05/Buonissima-Logo.png","width":350,"height":100,"caption":"Buonissima Torino"},"image":{"@id":"https://buonissimatorino.it/#/schema/logo/image/"}}]}</script>
<!-- / Yoast SEO plugin. -->

Amaica, in occasione di Buonissima 2025, parteciperà a Bistromania, presentando piatti simbolo e prodotti vitivinicoli. Scopri di più!
